- (3 + 24310))/(-2)?
7
Let f(q) = -21 - q**2 + 125*q + 121*q - 222*q. Let k be f(23). Suppose 4*r = -4*b + 812, 4*r = -k*b - 100 + 922. What is the tens digit of r?
0
Suppose s = 2*g, 0*s = -3*s + 5*g + 1. Let t(u) = 24 + s*u - 7*u - 9 + 20. What is the tens digit of t(0)?
3
Suppose -70*l + 352847 = 94*l + 25831. What is the tens digit of l?
9
Let p = -122474 - -206995. What is the units digit of p?
1
Let a(f) = 2*f**3 + 14*f**2 + 9. Let j = 100 + -107. Let m be a(j). Suppose 6*n = m*n - 2*i - 140, -155 = -3*n - i. What is the tens digit of n?
5
Suppose 0*d - 2*s = -d + 2496, 9962 = 4*d + 3*s. Let p = d - 1053. What is the tens digit of p?
3
Let o = -9245 + 15383. What is the tens digit of o?
3
Suppose -336 = 7*b - 23*b. Suppose -756 = b*n - 24*n. What is the units digit of n?
2
Suppose 0 = 6*l - 8 - 34. Suppose -l*h = -17 - 53. Suppose -7*s + h*s - 195 = 0. What is the tens digit of s?
6
Suppose -5*c + 6221 - 37188 = -2*w, -2*w + 4*c + 30970 = 0. What is the thousands digit of w?
5
Let p = -93 + 116. Let v(d) = d**2 - 10*d + 23. Let b be v(p). Suppose 0 = -3*r - b + 1069. What is the hundreds digit of r?
2
What is the units digit of 7 - (-19 - -34) - -54086*4/4?
8
Let w(u) = 416*u**3 + 28*u**2 - 87*u - 2. What is the hundreds digit of w(4)?
7
What is the tens digit of (-3 + 3)/20 - -43085?
8
Suppose 0 = -2*m + 4*p + 60, -4*m - m + 3*p + 122 = 0. Suppose -c = c + m. Let a(y) = -5*y - 7. What is the units digit of a(c)?
8
Let p(u) = 65*u - 3. Let i = -107 - -112. What is the tens digit of p(i)?
2
Let p(u) = u**3 - 9*u**2 - 47*u + 17. Let v(f) = 14*f**3 + 2*f**2 - 4*f + 3. Let c be v(1). What is the tens digit of p(c)?
6
Let g(q) = -q**2 + 14*q + 17. Let s be g(14). What is the units digit of s/3*-1*2703/(-17)?
1
Let d = -7753 + 8539. What is the tens digit of d?
8
Let x = -26 + 31. Suppose 14*p + 9 + x = 0. What is the tens digit of (4/6)/(p/(-57))?
3
Let j = 7277 - 2418. What is the units digit of j?
9
Suppose -9*m + 3*v = -8*m - 4476, 3*m - v - 13396 = 0. Suppose m = 19*b - 3497. What is the hundreds digit of b?
4
Suppose 0 = -n + 4*x + 26, -3*n + 5*x - 52 = -5*n. Let i(h) = -13 + 12 - 14*h + 5*h - n. What is the units digit of i(-6)?
7
Let m = 26886 - 6100. What is the units digit of m?
6
Let s = 4870 + -3005. Let b = -992 + s. What is the tens digit of b?
7
Suppose 267*m - 2378754 = 209*m. What is the thousands digit of m?
1
Suppose 90*v + 261568 = 1499007 - 3629. What is the hundreds digit of v?
7
Suppose -3*r + 29 = 8. Suppose -2*m - r = -7. Suppose -3*j - 3*v = -48, m*j + 10 = j - 2*v. What is the units digit of j?
4
Let s = -255 + 247. What is the tens digit of (-98)/(-1) + (-7 - s)?
9
What is the thousands digit of 6/1*((-7)/(-14) + 2982*1)?
7
Let w(f) = 10*f**2 - 20*f - 72. Let t be w(-8). Let y = t + 424. What is the tens digit of y?
5
Let l(u) = 356*u**2 + 3637*u. What is the thousands digit of l(-18)?
9
Let l(m) = 6873*m**2 + 4*m - 6. What is the thousands digit of l(1)?
6
Let l = 51 - 67. Let z be 4/l*2*2 - -16. What is the units digit of (-1)/(-3) - (4 + (-1840)/z)?
9
Let w = -304 - -143. Let l = 525 + w. What is the tens digit of l?
6
Suppose -2*t + m + 184 = -4*m, 0 = -4*t + m + 332. What is the tens digit of t?
8
Let b be (-96)/80 + 2/10 + 1. Let o(q) = -q + 475. What is the tens digit of o(b)?
7
Let v be 4/((1 + 3)/(-2)). Let x be ((-242)/44)/(v/(-8)). Let u = 26 + x. What is the units digit of u?
4
Let o(f) = -f + 8*f**2 + 3*f - 2*f**3 + 185 - 192. What is the hundreds digit of o(-6)?
7
Let p be (0 - 138/4)*(-22)/33. Let x = p + -75. What is the units digit of 2/(-6) - x/3?
7
Let n(a) = -6*a + 252. Suppose -4*q + 8 = -3*g, -5*g = -q + 2 - 0. What is the hundreds digit of n(g)?
2
Let r(s) = -6*s**2 - 19*s - 13. Let a(c) = -12*c**2 - 38*c - 25. Let d(i) = 4*a(i) - 9*r(i). What is the hundreds digit of d(-11)?
5
Suppose -6*t = -0*t - 180. Let v = 2 + t. What is the tens digit of v?
3
Suppose -d + s + 4 = 0, -4*d + 5*s - 6*s = -6. Suppose 0 = 2*t - 5*j - 630, -5*t - d*j + 1617 = -4*j. What is the hundreds digit of t?
3
Suppose -4 + 76 = 36*y. Suppose 5*g = -3*x + 461 + 568, 6 = -y*g. What is the units digit of x?
8
Let c be (-101)/(-5) - 9/45. Suppose c = 4*m - 4. What is the tens digit of 488/(-12)*(-9)/m?
6
Let x(f) = 3*f - 6. Let h be x(2). Suppose h = 16*l + 80 + 48. What is the tens digit of 1*97 - 5/(-20)*l?
9
Let j(p) = 3*p**3 - 20*p**2 - 28. Suppose 4*r - 2*v - 42 = 0, v = r - 0*v - 12. What is the units digit of j(r)?
9
Let q = 26 + -27. Let j(h) = 28*h**2 - 1. Let p be j(q). What is the tens digit of p - (-1 + 1 - -4)?
2
Suppose -4*o = -4*x - 400, 3*o + 3*x - 280 = 56. Let k be 3/(-3) - 37*2. Let b = k + o. What is the units digit of b?
1
Suppose 16*o = 960 + 128. Suppose -3*g - 2*u = -683, 5*g + 0*u = -3*u + 1138. Let b = g - o. What is the hundreds digit of b?
1
Suppose 18*q = 20*q - 6. Suppose q*y + 4*s - 168 - 513 = 0, 3*y = 5*s + 654. What is the units digit of y?
3
Let n = 38411 + -18906. What is the tens digit of n?
0
Let a = 8164 + -2146. What is the tens digit of a?
1
Let z(f) = f**3 - 6*f**2 + 7*f + 9. Let n be z(4). Suppose -3220 = -5*i + n*k, -40*i - k + 3238 = -35*i. What is the tens digit of i?
4
Let b be 2/(-17) - (-6 - 151248/136). What is the units digit of b/1 - (-54)/9?
4
Suppose -5*i + 3 = -12. Suppose 4*h - 9*h + 370 = 4*u, 0 = -4*h + i*u + 327. What is the units digit of h?
8
Let c(f) = 10*f**2 + 19*f + 12. Let r be c(6). Suppose -4*z - 3*s + 1983 = 0, 0 = 3*z - 3*s - 1017 - r. What is the units digit of z?
8
Suppose 0 = -a - 5*p + 20, -3*a + 18*p = 16*p - 9. Suppose -4*y + 2562 = 2*m, a = -5*m - 10. What is the tens digit of y?
4
Let k(i) = 59*i**3 - 17*i**2 + 7*i + 11. What is the units digit of k(6)?
5
Let r be -26 - (-3 - (-8 - -3)). What is the hundreds digit of 15*(0 + -3 - r)?
3
Suppose -2*x + 5*x - 690 = 0. Let i = x + -128. Suppose i*r = 106*r - 20. What is the units digit of r?
5
Let p = -571 - -575. Suppose -3*q + 926 - 369 = -2*a, 2*q - p*a - 358 = 0. What is the tens digit of q?
8
Suppose 219*c = 217*c + 29840. What is the tens digit of c?
2
Let q(v) = 3*v**2 - 48*v - 4. Let f be q(29). Suppose -3*j + f = -w + 186, -2*j - 2*w = -638. What is the tens digit of j?
1
Suppose -70 = -38*b + 31*b. Let q(f) = f**3 - 10*f**2 + 56*f + 4. What is the units digit of q(b)?
4
Let v(t) = 197*t - 75 + 232 - 95. What is the hundreds digit of v(3)?
6
Let z(i) = -3*i + 2. Let a be z(0). Let h be (-1)/2 + 99/a. Suppose -n + 5*j = -h, 2*n = 4*j - j + 119. What is the units digit of n?
4
Suppose 2*q - 88 = -2*q. Suppose 15*s - 17*s = -q. Suppose 18*v - s*v - 931 = 0. What is the units digit of v?
3
Suppose 5*i + 955*r - 951*r = 47173, 0 = -r - 3. What is the thousands digit of i?
9
Suppose 5*m - 3*w + 84 = -81, 5*m + 175 = 5*w. Let j be 4*(-805)/m - 1/3. Suppose 106*f = j*f - 149. What is the units digit of f?
9
Let m(j) = -58*j**3 - 25*j**2 - 95*j - 2. What is the tens digit of m(-5)?
9
Let c(n) = 12*n**2 + 4*n**2 + 23 - 13*n**2 - 5 - 7*n. What is the units digit of c(4)?
8
Suppose 116*i - 167*i = -411315. What is the tens digit of i?
6
Suppose -44*q = -48*q + 12. Suppose b = z - 559, z - q*b = -b + 559. What is the hundreds digit of z?
5
Let u(p) be the first derivative of -p**4/4 + 8*p**3 - 11*p**2 - 3*p - 123. What is the tens digit of u(23)?
2
Let n(b) = -b**3 + b**2 + 9*b + 1. Suppose 2*p - 12 = 4*u + 28, 2*p = 3*u + 32. What is the units digit of n(u)?
5
Let w = 62379 + -38330. What is the units digit of w?
9
Let m(t) = -14*t - 17. Let i be m(-3). Suppose 0 = 29*y - 34*y + i. Let d(h) = -h**3 + 9*h**2 - 4. What is the units digit of d(y)?
6
Let q = -237 - -507. Suppose 54*c = 56*c - q. What is the tens digit of c?
3
What is the tens digit of 292/(-730) - (-3)/(-30)*-86914?
9
Let k(r) = -4*r - 11. Let x be k(-3). What is the units digit of (-3)/(-2)*1/(x/566)?
9
Let b(x) = -11*x**2 + 71*x + 52. Let h(g) = 7*g**2 - 47*g - 35. Let s(c) = -5*b(c) - 8*h(c). Let i be s(22). What is the hundreds digit of 2 + 6/(-12) - 281/i?
1
Let a(h) = 55*h**2 - 16*h + 1859. What is the thousands digit of a(26)?
8
Let f(i) = 6*i**2 - i. Let d(l) = 7*l - 51. Let t be d(9). Suppose 2*z + 1 - 9 = 0, -5*q - t = 2*z. What is the units digit of f(q)?
0
Suppose 38*z - 86955 = -55*z. What is the tens digit of z?
3
What is 